 32. Suppose d*n - 8 = -0*n, -5*w = -3*n - 2174. List the prime factors of w.
2, 109
Let f be (21/(-28) - (-1)/4)*-4. Suppose -4*w = 4*x - 64, -x + 43 = 2*x - f*w. Let y(j) = -j**2 + 15*j + 14. What are the prime factors of y(x)?
2, 7
Let s = 14192 - -10226. List the prime factors of s.
2, 29, 421
Let l(x) = 74*x**3 - 2*x**2 - 42*x + 249. What are the prime factors of l(6)?
3, 5303
Suppose -h + 2*f + 77115 = 0, 3*f + 55032 = h - 22074. What are the prime factors of h?
3, 7, 3673
Let w(j) = 330*j + 151. Let b be w(8). Suppose -b*h + 2798*h - 1246 = 0. List the prime factors of h.
2, 89
Let c(v) = 13*v**2 - 3*v + 5. Let f(o) = -7*o**2 + 2*o - 3. Let t = 10 - 7. Let s(h) = t*c(h) + 5*f(h). List the prime factors of s(3).
3, 13
Let h(q) = -q**2 + 7*q - 38. Let f be h(21). Let m = 1367 + f. Suppose -13*j = -8*j - m. List the prime factors of j.
3, 23
Suppose -b - 1 = 5*r - 10, 0 = -4*b - 5*r + 51. Let g be (5 - 6/(-2)) + 0. Suppose -b = g*x - 238. What are the prime factors of x?
2, 7
Let y(q) = q + 10*q - 5*q - 3*q + 4 + 5*q**2. Suppose 0 = -6*d + 4*d - 4. What are the prime factors of y(d)?
2, 3
Suppose -36*d + 124*d - 922808 = -34*d. List the prime factors of d.
2, 31, 61
Let n(m) = 39*m - 269. Let h(x) = -59*x + 404. Let p(i) = -5*h(i) - 8*n(i). What are the prime factors of p(-13)?
353
Let d = 75336 - 40196. List the prime factors of d.
2, 5, 7, 251
Let b = 89 + -84. Let k be (3 - 40/b)*3/5. Let o(p) = 8*p**2 + 3*p - 1. What are the prime factors of o(k)?
2, 31
Let u(s) = s**3 - 8*s**2 + 8*s - 2. Let d be u(7). Suppose 0*f + f + 41 = d*h, 0 = 3*h - 2*f - 26. Let z = h + 0. What are the prime factors of z?
2
Let s(v) = 5*v**2 - 1. Let p be s(-1). Suppose -p*y + 1370 = -0*f - f, -4*y + 4*f + 1376 = 0. List the prime factors of y.
2, 3, 19
Suppose -4*q + 4530 = -2790. Suppose 3*l = -3*f + 1122, -5*l - 2*f = -5*f - q. List the prime factors of l.
3, 41
Let j(k) = -5*k. Let y be j(7). Let h be 8/(-28) - (-5840)/56. Let u = h + y. What are the prime factors of u?
3, 23
Suppose 3*l + 927 = 2*c - 440, -1834 = 4*l + 3*c. Let d = 905 + l. List the prime factors of (-3)/((-12)/d) + (1 - 1).
2, 7
Suppose 0 = 42*w - 36*w - 19974. Suppose -3*n - b + 3*b = -w, -5*n + 5*b = -5550. What are the prime factors of n?
1109
Let p = 81 - 415. Let o = p + 131. Let s = o - -307. What are the prime factors of s?
2, 13
Let w(r) be the first derivative of 209*r**2/2 + 66*r + 28. What are the prime factors of w(4)?
2, 11, 41
Let w(a) = -1374*a + 46928. What are the prime factors of w(0)?
2, 7, 419
Suppose 8*z - 7*z = 3*n - 4, 5*z - 3*n = 16. Suppose 5*u + 375 = z*m, m = 3*m - 5*u - 162. Suppose 74*l - m*l = 753. List the prime factors of l.
251
Let x = -9699 - -14837. List the prime factors of x.
2, 7, 367
Suppose 82*h - 32*h - 4100 = 0. Let p = 173 + -104. Let x = h - p. List the prime factors of x.
13
List the prime factors of 348/5742 - 3721800/(-99).
2, 18797
Suppose 215*v - 203*v - 11304 = 0. What are the prime factors of v?
2, 3, 157
Let b(p) = -16*p + 9. Let r(s) = -s - 8. Let q(h) = -2*b(h) + 14*r(h). List the prime factors of q(18).
2, 97
Let c = -77 - -80. Suppose -c*m + 2664 + 369 = 0. What are the prime factors of m?
3, 337
What are the prime factors of (5 - 1135/25)/(4/(-1030))?
101, 103
Suppose 14*i + 2*j = 16*i - 2014, 4 = 2*j. Suppose i = -2*c + 3851. What are the prime factors of c?
7, 29
What are the prime factors of (-993784)/(-56) - 2 - (-4 + (-110)/(-35))?
3, 5, 7, 13
Let v(n) = -n**2 + 18*n + 6. Let m be v(18). Suppose 5*f = -p + m*p + 1230, 2*p = -4*f + 966. List the prime factors of f.
3
Let b(n) = 19*n**2 + 21*n - 86. Let k be b(7). Let o = k - 232. What are the prime factors of o?
2, 5, 19
Let w = 104 - 103. Let p be ((-9)/((-45)/1850))/(w - -1). Suppose 13*h + p = 14*h. List the prime factors of h.
5, 37
Suppose 1434 = 4*f - 2006. Let o be -7 - -2 - 9/((-54)/48). Suppose 0 = -o*v + 7*v - f. What are the prime factors of v?
5, 43
Let a = 6870 + 348. What are the prime factors of a?
2, 3, 401
Let z = 12809 + -9890. What are the prime factors of z?
3, 7, 139
Suppose 5*u + 42*o = 46*o + 220617, 4*u - 5*o = 176508. What are the prime factors of u?
157, 281
Suppose 72*a + 152820 = 92*a. List the prime factors of a.
3, 283
Suppose m + 641 = -4*m + 4*z, 4*m + 4*z = -520. Let a(p) = -5*p**2 - 2. Let k be a(3). Let d = k - m. List the prime factors of d.
2, 41
Let g(v) = -64*v + 1704. List the prime factors of g(19).
2, 61
Suppose 138037 + 337036 = 15*s - 123592. List the prime factors of s.
107, 373
Let h(y) = 24*y**2 - 2*y + 2. Let b be h(2). Let g be b/4*(0 - -12). Suppose 0*k + 3*k - g = 5*t, t - 282 = -3*k. List the prime factors of k.
2, 47
Let j = -54 + 57. Suppose l = -j*x + 990, 1660 = 2*x + 3*x + 5*l. Let f = x + -40. What are the prime factors of f?
17
Let z be ((-2)/5)/((-10)/100). Let n be (-2)/10 + 63/15. Suppose 0 = a - c, a - n*c = -5 - z. List the prime factors of a.
3
Suppose 28110 = -5100*w + 5105*w - 203100. What are the prime factors of w?
2, 3, 7, 367
Let g = 18171 - 10610. What are the prime factors of g?
7561
Suppose 2*a + 50529 = 5*a + 4*m, 0 = -a - 2*m + 16839. List the prime factors of a.
3, 41, 137
Let q = 5141 - -33893. What are the prime factors of q?
2, 29, 673
Suppose 4*d - 5*j = -4*j - 29, -34 = 4*d - 2*j. What are the prime factors of 332 - d/15*-10?
2, 41
List the prime factors of 7/2*(2194080/98)/4.
2, 3, 5, 653
Let n(b) = 6*b**3 - 9*b**2 - 12*b + 1. List the prime factors of n(4).
193
Suppose -2*l - 1236 = -3*c + 2038, l = -2. List the prime factors of (3/(2/c*5))/1.
3, 109
Let j(k) be the third derivative of k**5/6 + 11*k**4/24 + 13*k**3/3 + 8*k**2 + k. List the prime factors of j(-5).
13, 17
Let x(u) = -u**3 + 17*u**2 + 269*u + 213. What are the prime factors of x(-15)?
2, 3, 563
List the prime factors of ((-83670)/12)/((-296)/32 + 8).
2, 2789
Let k(q) = -q**3 + 2*q**2 + 234*q + 39. What are the prime factors of k(-18)?
3, 769
Let w(k) = 3*k**2 + 3*k + 3. Let y be w(-1). Suppose -5*t - 28 + 3 = 0, -17 = 2*s + y*t. List the prime factors of 1*-106*s + 6/2.
109
Suppose 1833123 = 2032*g - 1967*g - 489912. List the prime factors of g.
3, 11, 19
Let o(d) = 5*d - 24. Let c be o(10). Let z be c/52 - (-306)/4. Suppose -j + 4*v + 20 = 0, 2*v - 45 = -5*j + z. List the prime factors of j.
2, 3
Suppose -4*b - 2 = -3*b - 2*t, -t + 7 = b. Suppose -1264 = -s - 1259. What are the prime factors of (b - (s + 2)) + 77?
2, 37
Let t(x) be the third derivative of -x**5/60 + 19*x**4/24 - 5*x**3 + 23*x**2. Let k be t(17). Suppose k*g - 336 = g. What are the prime factors of g?
2, 7
Let c = -35292 + 56025. List the prime factors of c.
3, 6911
Let m = -11 - -67. Let s = m + -16. Suppose 4*f - 212 = s. List the prime factors of f.
3, 7
Let h(g) = 266*g**2 - 2*g + 1. Let y be h(-2). Let k = y + -625. What are the prime factors of k?
2, 3, 37
Let n(o) = 8*o**2 - 368*o - 143. List the prime factors of n(47).
233
Let l(u) = 1870*u + 1778. What are the prime factors of l(9)?
2, 1163
Let x(o) = o**3 + 7*o**2 - 10*o + 2. Suppose 3*p - 4*u = -17, -5*p - 2*u = -5*u + 32. Let n be x(p). Let z = n - -23. List the prime factors of z.
5, 19
Suppose -30 = 9*r - 6*r. Let j be r/(-30) - (-718)/6. Let u = j + 154. List the prime factors of u.
2, 137
Suppose -43594 + 10034 = -10*a. Suppose -18*i = -a - 3322. What are the prime factors of i?
7, 53
Suppose 3*k - 4*i + 988 = 0, -6*k + 3*i = -10*k - 1309. Let s = k + 461. What are the prime factors of s?
7, 19
Suppose -448 = -8*d + 15*d. List the prime factors of 9933/154*d/(-6).
2, 43
Suppose 0 = -11*s + 5*s + 30. Let l be (38/4)/((-3)/(-66)). Suppose 4*t + 0*t + s*n = 280, -4*n + l = 3*t. List the prime factors of t.
3, 5
Let o(h) = h**3 - 32*h**2 - 9*h - 368. What are the prime factors of o(39)?
2, 17, 73
Let j = 227 + -221. What are the prime factors of (289/5 - 3)/(j/15)?
137
Let s be 87/(-203) + (-7762)/(-14). Suppose -s*f + 189 = -551*f. List the prime factors of f.
3, 7
Let l be 3 + 9 - -1*4*-1. What are the prime factors of 1918/l - 1/(-4)?
2, 3, 5
Let k(n) = 8*n**3 + n**2 - 2*n + 25686. What are the prime factors of k(0)?
2, 3, 1427
Suppose 15*c - 35 = 11*c - k, -12 = -c + 3*k. Suppose -c*s + 75 = -2112. List the prime factors of s.
3
Let p = -175 - 48. Let n = p + 1126. What are the prime factors of